{"version":"1.0","provider_name":"Portug\u00e1lia Restaura\u00e7\u00e3o - Eventos","provider_url":"https:\/\/www.portugaliarestauracao.pt\/eventos","author_name":"admin","author_url":"https:\/\/www.portugaliarestauracao.pt\/eventos\/author\/admin\/","title":"Portug\u00e1lia Restaura\u00e7\u00e3o - Eventos","type":"rich","width":600,"height":338,"html":"<blockquote class=\"wp-embedded-content\" data-secret=\"7tm33VtCn6\"><a href=\"https:\/\/www.portugaliarestauracao.pt\/eventos\/pt-pt\/be-parque-das-nacoes\/\">Brasserie de L\u2019Entreco\u0302te &#8211;  Parque das Na\u00e7\u00f5es &#8211; PT<\/a><\/blockquote><iframe sandbox=\"allow-scripts\" security=\"restricted\" src=\"https:\/\/www.portugaliarestauracao.pt\/eventos\/pt-pt\/be-parque-das-nacoes\/embed\/#?secret=7tm33VtCn6\" width=\"600\" height=\"338\" title=\"&#8220;Brasserie de L\u2019Entreco\u0302te &#8211;  Parque das Na\u00e7\u00f5es &#8211; PT&#8221; &#8212; Portug\u00e1lia Restaura\u00e7\u00e3o - Eventos\" data-secret=\"7tm33VtCn6\" frameborder=\"0\" marginwidth=\"0\" marginheight=\"0\" scrolling=\"no\" class=\"wp-embedded-content\"><\/iframe><script type=\"text\/javascript\">\n\/* <![CDATA[ *\/\n\/*! This file is auto-generated *\/\n!function(d,l){\"use strict\";l.querySelector&&d.addEventListener&&\"undefined\"!=typeof URL&&(d.wp=d.wp||{},d.wp.receiveEmbedMessage||(d.wp.receiveEmbedMessage=function(e){var t=e.data;if((t||t.secret||t.message||t.value)&&!\/[^a-zA-Z0-9]\/.test(t.secret)){for(var s,r,n,a=l.querySelectorAll('iframe[data-secret=\"'+t.secret+'\"]'),o=l.querySelectorAll('blockquote[data-secret=\"'+t.secret+'\"]'),c=new RegExp(\"^https?:$\",\"i\"),i=0;i<o.length;i++)o[i].style.display=\"none\";for(i=0;i<a.length;i++)s=a[i],e.source===s.contentWindow&&(s.removeAttribute(\"style\"),\"height\"===t.message?(1e3<(r=parseInt(t.value,10))?r=1e3:~~r<200&&(r=200),s.height=r):\"link\"===t.message&&(r=new URL(s.getAttribute(\"src\")),n=new URL(t.value),c.test(n.protocol))&&n.host===r.host&&l.activeElement===s&&(d.top.location.href=t.value))}},d.addEventListener(\"message\",d.wp.receiveEmbedMessage,!1),l.addEventListener(\"DOMContentLoaded\",function(){for(var e,t,s=l.querySelectorAll(\"iframe.wp-embedded-content\"),r=0;r<s.length;r++)(t=(e=s[r]).getAttribute(\"data-secret\"))||(t=Math.random().toString(36).substring(2,12),e.src+=\"#?secret=\"+t,e.setAttribute(\"data-secret\",t)),e.contentWindow.postMessage({message:\"ready\",secret:t},\"*\")},!1)))}(window,document);\n\/* ]]> *\/\n<\/script>\n","description":"[vc_row css=&#8221;.vc_custom_1568255041292{margin-bottom: -10px !important;}&#8221;][vc_column][vc_column_text css=&#8221;.vc_custom_1568580444438{padding-top: 500px !important;background-image: url(https:\/\/www.portugaliarestauracao.pt\/eventos\/wp-content\/uploads\/2019\/09\/BEParqueDasNacoes.jpg?id=698) !important;background-position: center !important;background-repeat: no-repeat !important;background-size: cover !important;}&#8221; el_class=&#8221;clMySubText&#8221;] AMBIENTE ACOLHEDOR E LUMINOSO | DUAS SALAS | BAR | ESPLANADA ENTRECO\u0302TE COM MOLHO BRASSERIE | CARTA DE VINHOS EXCLUSIVA [\/vc_column_text][\/vc_column][\/vc_row][vc_row css=&#8221;.vc_custom_1568580286674{margin-right: 0px !important;margin-left: 0px !important;background-color: #006738 !important;}&#8221; el_id=&#8221;idTextSticker&#8221;][vc_column][vc_column_text css=&#8221;.vc_custom_1568580456828{padding-right: 30px !important;padding-left: 30px !important;}&#8221;] A La Brasserie de L\u2019Entreco\u0302te [&hellip;]","thumbnail_url":"https:\/\/www.portugaliarestauracao.pt\/eventos\/wp-content\/uploads\/2019\/09\/Icon-Casa-v04.png","thumbnail_width":50,"thumbnail_height":44}

Portugália Restauração - Eventos

<blockquote class="wp-embedded-content" data-secret="7tm33VtCn6"><a href="https://www.portugaliarestauracao.pt/eventos/pt-pt/be-parque-das-nacoes/">Brasserie de L’Entrecôte &#8211;  Parque das Nações &#8211; PT</a></blockquote><iframe sandbox="allow-scripts" security="restricted" src="https://www.portugaliarestauracao.pt/eventos/pt-pt/be-parque-das-nacoes/embed/#?secret=7tm33VtCn6" width="600" height="338" title="&#8220;Brasserie de L’Entrecôte &#8211;  Parque das Nações &#8211; PT&#8221; &#8212; Portugália Restauração - Eventos" data-secret="7tm33VtCn6" frameborder="0" marginwidth="0" marginheight="0" scrolling="no" class="wp-embedded-content"></iframe><script type="text/javascript">
/* <![CDATA[ */
/*! This file is auto-generated */
!function(d,l){"use strict";l.querySelector&&d.addEventListener&&"undefined"!=typeof URL&&(d.wp=d.wp||{},d.wp.receiveEmbedMessage||(d.wp.receiveEmbedMessage=function(e){var t=e.data;if((t||t.secret||t.message||t.value)&&!/[^a-zA-Z0-9]/.test(t.secret)){for(var s,r,n,a=l.querySelectorAll('iframe[data-secret="'+t.secret+'"]'),o=l.querySelectorAll('blockquote[data-secret="'+t.secret+'"]'),c=new RegExp("^https?:$","i"),i=0;i<o.length;i++)o[i].style.display="none";for(i=0;i<a.length;i++)s=a[i],e.source===s.contentWindow&&(s.removeAttribute("style"),"height"===t.message?(1e3<(r=parseInt(t.value,10))?r=1e3:~~r<200&&(r=200),s.height=r):"link"===t.message&&(r=new URL(s.getAttribute("src")),n=new URL(t.value),c.test(n.protocol))&&n.host===r.host&&l.activeElement===s&&(d.top.location.href=t.value))}},d.addEventListener("message",d.wp.receiveEmbedMessage,!1),l.addEventListener("DOMContentLoaded",function(){for(var e,t,s=l.querySelectorAll("iframe.wp-embedded-content"),r=0;r<s.length;r++)(t=(e=s[r]).getAttribute("data-secret"))||(t=Math.random().toString(36).substring(2,12),e.src+="#?secret="+t,e.setAttribute("data-secret",t)),e.contentWindow.postMessage({message:"ready",secret:t},"*")},!1)))}(window,document);
/* ]]> */
</script>
