{"id":501,"date":"2019-08-30T09:27:47","date_gmt":"2019-08-30T09:27:47","guid":{"rendered":"https:\/\/www.portugaliarestauracao.pt\/eventos\/?page_id=501"},"modified":"2026-04-21T18:51:08","modified_gmt":"2026-04-21T17:51:08","slug":"home","status":"publish","type":"page","link":"https:\/\/www.portugaliarestauracao.pt\/eventos\/pt-pt\/","title":{"rendered":"Eventos Home &#8211; PT"},"content":{"rendered":"<div class=\"wpb-content-wrapper\"><p>[vc_row css=&#8221;.vc_custom_1568798418295{padding-top: -142px !important;}&#8221;][vc_column css=&#8221;.vc_custom_1568798366683{margin-top: -50px !important;}&#8221;][vc_single_image image=&#8221;533&#8243; img_size=&#8221;full&#8221; add_caption=&#8221;yes&#8221; alignment=&#8221;center&#8221;][\/vc_column][\/vc_row][vc_row][vc_column][vc_column_text css=&#8221;&#8221;]<\/p>\n<h3><span style=\"color: #007fa9;\">AMBIENTES PARA TODOS OS EVENTOS<\/span><\/h3>\n<p>O Grupo Portuga\u0301lia Restaurac\u0327a\u0303o reu\u0301ne um conjunto diverso de conceitos adapta\u0301veis a qualquer Evento.<br \/>\nA Portuga\u0301lia Cervejaria e a La Brasserie de L\u2019Entreco\u0302te apresentam uma grande flexibilidade de a\u0301reas, decorac\u0327a\u0303o e produtos, que os tornam a escolha ideal para eventos: team-building, festas de empresa e ate\u0301 eventos pessoais, como festas de casamento ou de aniversa\u0301rio. De pequenos eventos intimistas, a banquetes com 500 lugares sentados, temos a soluc\u0327a\u0303o que procura.<br \/>\nQualquer que seja o evento que tem em mente, fale connosco.[\/vc_column_text][\/vc_column][\/vc_row][vc_row][vc_column width=&#8221;1\/2&#8243;][vc_column_text css=&#8221;.vc_custom_1776771529872{padding-top: 350px !important;background-image: url(https:\/\/www.portugaliarestauracao.pt\/eventos\/wp-content\/uploads\/2026\/04\/HP-Microsite-Comercial_PC-BELEM-01.jpg?id=1617) !important;background-position: center !important;background-repeat: no-repeat !important;background-size: cover !important;}&#8221; el_class=&#8221;clMySubText&#8221;]<\/p>\n<p class=\"mySubTextP\"><a href=\"\/eventos\/pc-belem\/\"><span class=\"mySubTextA\"><strong>PORTUGA\u0301LIA CERVEJARIA BEL\u00c9M<\/strong><\/span><\/a><br \/>\n<a href=\"\/eventos\/pc-belem\/\"><span class=\"mySubTextB\">O ESPELHO D&#8217;\u00c1GUA<\/span><\/a><\/p>\n<p>[\/vc_column_text][\/vc_column][vc_column width=&#8221;1\/2&#8243;][vc_column_text css=&#8221;.vc_custom_1691572657514{padding-top: 350px !important;background-image: url(https:\/\/www.portugaliarestauracao.pt\/eventos\/wp-content\/uploads\/2020\/01\/HP04.jpg?id=1203) !important;background-position: center !important;background-repeat: no-repeat !important;background-size: cover !important;}&#8221; el_class=&#8221;clMySubText&#8221;]<\/p>\n<p class=\"mySubTextP\"><a href=\"\/eventos\/pt\/pc-cais-do-sodre\/\"><span class=\"mySubTextA\"><strong>PORTUGA\u0301LIA CERVEJARIA CAIS DO SODR\u00c9<\/strong><\/span><\/a><br \/>\n<a href=\"\/eventos\/pt\/pc-cais-do-sodre\/\"><span class=\"mySubTextB\">COM O TEJO A SEUS P\u00c9S<\/span><\/a>[\/vc_column_text][\/vc_column][\/vc_row][vc_row][vc_column][vc_column_text css=&#8221;.vc_custom_1726224001233{padding-top: 350px !important;background-image: url(https:\/\/www.portugaliarestauracao.pt\/eventos\/wp-content\/uploads\/2024\/09\/PORTUGALIA-ALMIRANTE-REIS-scaled.jpg?id=1518) !important;background-position: center !important;background-repeat: no-repeat !important;background-size: cover !important;}&#8221; el_class=&#8221;clMySubText&#8221;]<\/p>\n<p class=\"mySubTextP\"><a href=\"\/eventos\/pc-av-almirante-reis\/\"><span class=\"mySubTextA\"><strong>PORTUGA\u0301LIA CERVEJARIA ALMIRANTE REIS<\/strong><\/span><br \/>\n<span class=\"mySubTextB\">TRADIC\u0327A\u0303O CENTENA\u0301RIA<\/span><\/a>[\/vc_column_text][\/vc_column][\/vc_row][vc_row disable_element=&#8221;yes&#8221;][vc_column][vc_column_text css=&#8221;.vc_custom_1666094828429{padding-top: 350px !important;background-image: url(https:\/\/www.portugaliarestauracao.pt\/eventos\/wp-content\/uploads\/2019\/09\/HP06-e1567589741452.jpg?id=550) !important;background-position: center !important;background-repeat: no-repeat !important;background-size: cover !important;}&#8221; el_class=&#8221;clMySubText&#8221;]<\/p>\n<p class=\"mySubTextP\"><a href=\"\/eventos\/ct-chiado\/\"><span class=\"mySubTextA\"><strong>CERVEJARIA TRINDADE<\/strong><\/span><\/a><br \/>\n<a href=\"\/eventos\/ct-chiado\/\"><span class=\"mySubTextB\">A MAIS ANTIGA E MAIS BELA CERVEJARIA DE PORTUGAL<\/span><\/a>[\/vc_column_text][\/vc_column][\/vc_row][vc_row][vc_column width=&#8221;1\/3&#8243;][vc_column_text css=&#8221;.vc_custom_1666094846741{padding-top: 350px !important;background-image: url(https:\/\/www.portugaliarestauracao.pt\/eventos\/wp-content\/uploads\/2019\/09\/HP07b.jpg?id=564) !important;background-position: center !important;background-repeat: no-repeat !important;background-size: cover !important;}&#8221; el_class=&#8221;clMySubText&#8221;]<\/p>\n<p class=\"mySubTextP\"><a href=\"\/eventos\/be-chiado\/\"><span class=\"mySubTextA\"><strong>LA BRASSERIE DE L&#8217;ENTREC\u00d4TE CHIADO<\/strong><\/span><\/a><br \/>\n<a href=\"\/eventos\/be-chiado\/\"><span class=\"mySubTextB\">ACOLHEDORA E REQUINTADA<\/span><\/a>[\/vc_column_text][\/vc_column][vc_column width=&#8221;1\/3&#8243;][vc_column_text css=&#8221;.vc_custom_1666094864292{padding-top: 350px !important;background-image: url(https:\/\/www.portugaliarestauracao.pt\/eventos\/wp-content\/uploads\/2019\/09\/HP08b.jpg?id=565) !important;background-position: center !important;background-repeat: no-repeat !important;background-size: cover !important;}&#8221; el_class=&#8221;clMySubText&#8221;]<\/p>\n<p class=\"mySubTextP\"><a href=\"\/eventos\/be-parque-das-nacoes\/\"><span class=\"mySubTextA\"><strong>LA BRASSERIE DE L&#8217;ENTREC\u00d4TE<br \/>\nP. NA\u00c7\u00d5ES<\/strong><\/span><\/a><br \/>\n<a href=\"\/eventos\/be-parque-das-nacoes\/\"><span class=\"mySubTextB\">SOFISTICADA E ATUAL<\/span><\/a>[\/vc_column_text][\/vc_column][vc_column width=&#8221;1\/3&#8243;][vc_column_text css=&#8221;.vc_custom_1727795805089{padding-top: 350px !important;background-image: url(https:\/\/www.portugaliarestauracao.pt\/eventos\/wp-content\/uploads\/2024\/10\/BE-Marina-Cascais1-scaled.jpg?id=1602) !important;background-position: center !important;background-repeat: no-repeat !important;background-size: cover !important;}&#8221; el_class=&#8221;clMySubText&#8221;]<\/p>\n<p class=\"mySubTextP\"><a href=\"\/eventos\/be-cascais\/\"><span class=\"mySubTextA\"><strong>LA BRASSERIE DE L&#8217;ENTREC\u00d4TE CASCAIS<\/strong><\/span><\/a><br \/>\n<a href=\"\/eventos\/be-cascais\/\"><span class=\"mySubTextB\">COM O MAR NO HORIZONTE<\/span><\/a><\/p>\n<p>[\/vc_column_text][\/vc_column][\/vc_row][vc_row disable_element=&#8221;yes&#8221;][vc_column][vc_column_text css=&#8221;.vc_custom_1666094893236{padding-top: 350px !important;background-image: url(https:\/\/www.portugaliarestauracao.pt\/eventos\/wp-content\/uploads\/2019\/09\/HP10-e1567590691515.jpg?id=549) !important;background-position: center !important;background-repeat: no-repeat !important;background-size: cover !important;}&#8221; el_class=&#8221;clMySubText&#8221;]<\/p>\n<p class=\"mySubTextP\"><a href=\"\/eventos\/sm-cais-do-sodre\/\"><span class=\"mySubTextA\"><strong>SEGUNDO MUELLE<\/strong><\/span><\/a><br \/>\n<a href=\"\/eventos\/sm-cais-do-sodre\/\"><span class=\"mySubTextB\">O PERU EM LISBOA<\/span><\/a>[\/vc_column_text][\/vc_column][\/vc_row]<\/p>\n<\/div>","protected":false},"excerpt":{"rendered":"<p>[vc_row css=&#8221;.vc_custom_1568798418295{padding-top: -142px !important;}&#8221;][vc_column css=&#8221;.vc_custom_1568798366683{margin-top: -50px !important;}&#8221;][vc_single_image image=&#8221;533&#8243; img_size=&#8221;full&#8221; add_caption=&#8221;yes&#8221; alignment=&#8221;center&#8221;][\/vc_column][\/vc_row][vc_row][vc_column][vc_column_text css=&#8221;&#8221;] AMBIENTES PARA TODOS OS EVENTOS O Grupo Portuga\u0301lia Restaurac\u0327a\u0303o reu\u0301ne um conjunto diverso de conceitos adapta\u0301veis a qualquer Evento. A Portuga\u0301lia Cervejaria e a La Brasserie de L\u2019Entreco\u0302te apresentam uma grande flexibilidade de a\u0301reas, decorac\u0327a\u0303o e produtos, que os tornam a escolha ideal [&hellip;]<\/p>\n","protected":false},"author":1,"featured_media":0,"parent":0,"menu_order":0,"comment_status":"closed","ping_status":"closed","template":"","meta":{"footnotes":""},"class_list":["post-501","page","type-page","status-publish","hentry"],"yoast_head":"<!-- This site is optimized with the Yoast SEO plugin v25.3.1 - https:\/\/yoast.com\/wordpress\/plugins\/seo\/ -->\n<title>Portug\u00e1lia Restaura\u00e7\u00e3o - Eventos<\/title>\n<meta name=\"robots\" content=\"noindex, follow\" \/>\n<meta property=\"og:locale\" content=\"pt_PT\" \/>\n<meta property=\"og:type\" content=\"article\" \/>\n<meta property=\"og:title\" content=\"Portug\u00e1lia Restaura\u00e7\u00e3o - Eventos\" \/>\n<meta property=\"og:description\" content=\"[vc_row css=&#8221;.vc_custom_1568798418295{padding-top: -142px !important;}&#8221;][vc_column css=&#8221;.vc_custom_1568798366683{margin-top: -50px !important;}&#8221;][vc_single_image image=&#8221;533&#8243; img_size=&#8221;full&#8221; add_caption=&#8221;yes&#8221; alignment=&#8221;center&#8221;][\/vc_column][\/vc_row][vc_row][vc_column][vc_column_text css=&#8221;&#8221;] AMBIENTES PARA TODOS OS EVENTOS O Grupo Portuga\u0301lia Restaurac\u0327a\u0303o reu\u0301ne um conjunto diverso de conceitos adapta\u0301veis a qualquer Evento. A Portuga\u0301lia Cervejaria e a La Brasserie de L\u2019Entreco\u0302te apresentam uma grande flexibilidade de a\u0301reas, decorac\u0327a\u0303o e produtos, que os tornam a escolha ideal [&hellip;]\" \/>\n<meta property=\"og:url\" content=\"https:\/\/www.portugaliarestauracao.pt\/eventos\/pt-pt\/\" \/>\n<meta property=\"og:site_name\" content=\"Portug\u00e1lia Restaura\u00e7\u00e3o - Eventos\" \/>\n<meta property=\"article:modified_time\" content=\"2026-04-21T17:51:08+00:00\" \/>\n<meta name=\"twitter:card\" content=\"summary_large_image\" \/>\n<meta name=\"twitter:label1\" content=\"Tempo estimado de leitura\" \/>\n\t<meta name=\"twitter:data1\" content=\"2 minutos\" \/>\n<script type=\"application\/ld+json\" class=\"yoast-schema-graph\">{\"@context\":\"https:\/\/schema.org\",\"@graph\":[{\"@type\":\"WebPage\",\"@id\":\"https:\/\/www.portugaliarestauracao.pt\/eventos\/pt-pt\/\",\"url\":\"https:\/\/www.portugaliarestauracao.pt\/eventos\/pt-pt\/\",\"name\":\"Portug\u00e1lia Restaura\u00e7\u00e3o - Eventos\",\"isPartOf\":{\"@id\":\"https:\/\/www.portugaliarestauracao.pt\/eventos\/#website\"},\"datePublished\":\"2019-08-30T09:27:47+00:00\",\"dateModified\":\"2026-04-21T17:51:08+00:00\",\"breadcrumb\":{\"@id\":\"https:\/\/www.portugaliarestauracao.pt\/eventos\/pt-pt\/#breadcrumb\"},\"inLanguage\":\"pt-PT\",\"potentialAction\":[{\"@type\":\"ReadAction\",\"target\":[\"https:\/\/www.portugaliarestauracao.pt\/eventos\/pt-pt\/\"]}]},{\"@type\":\"BreadcrumbList\",\"@id\":\"https:\/\/www.portugaliarestauracao.pt\/eventos\/pt-pt\/#breadcrumb\",\"itemListElement\":[{\"@type\":\"ListItem\",\"position\":1,\"name\":\"Home\",\"item\":\"https:\/\/www.portugaliarestauracao.pt\/eventos\/pt-pt\/\"},{\"@type\":\"ListItem\",\"position\":2,\"name\":\"Eventos Home &#8211; PT\"}]},{\"@type\":\"WebSite\",\"@id\":\"https:\/\/www.portugaliarestauracao.pt\/eventos\/#website\",\"url\":\"https:\/\/www.portugaliarestauracao.pt\/eventos\/\",\"name\":\"Portug\u00e1lia Restaura\u00e7\u00e3o - Eventos\",\"description\":\"Portug\u00e1lia Restaura\u00e7\u00e3o - Eventos\",\"potentialAction\":[{\"@type\":\"SearchAction\",\"target\":{\"@type\":\"EntryPoint\",\"urlTemplate\":\"https:\/\/www.portugaliarestauracao.pt\/eventos\/?s={search_term_string}\"},\"query-input\":{\"@type\":\"PropertyValueSpecification\",\"valueRequired\":true,\"valueName\":\"search_term_string\"}}],\"inLanguage\":\"pt-PT\"}]}<\/script>\n<!-- \/ Yoast SEO plugin. -->","yoast_head_json":{"title":"Portug\u00e1lia Restaura\u00e7\u00e3o - Eventos","robots":{"index":"noindex","follow":"follow"},"og_locale":"pt_PT","og_type":"article","og_title":"Portug\u00e1lia Restaura\u00e7\u00e3o - Eventos","og_description":"[vc_row css=&#8221;.vc_custom_1568798418295{padding-top: -142px !important;}&#8221;][vc_column css=&#8221;.vc_custom_1568798366683{margin-top: -50px !important;}&#8221;][vc_single_image image=&#8221;533&#8243; img_size=&#8221;full&#8221; add_caption=&#8221;yes&#8221; alignment=&#8221;center&#8221;][\/vc_column][\/vc_row][vc_row][vc_column][vc_column_text css=&#8221;&#8221;] AMBIENTES PARA TODOS OS EVENTOS O Grupo Portuga\u0301lia Restaurac\u0327a\u0303o reu\u0301ne um conjunto diverso de conceitos adapta\u0301veis a qualquer Evento. A Portuga\u0301lia Cervejaria e a La Brasserie de L\u2019Entreco\u0302te apresentam uma grande flexibilidade de a\u0301reas, decorac\u0327a\u0303o e produtos, que os tornam a escolha ideal [&hellip;]","og_url":"https:\/\/www.portugaliarestauracao.pt\/eventos\/pt-pt\/","og_site_name":"Portug\u00e1lia Restaura\u00e7\u00e3o - Eventos","article_modified_time":"2026-04-21T17:51:08+00:00","twitter_card":"summary_large_image","twitter_misc":{"Tempo estimado de leitura":"2 minutos"},"schema":{"@context":"https:\/\/schema.org","@graph":[{"@type":"WebPage","@id":"https:\/\/www.portugaliarestauracao.pt\/eventos\/pt-pt\/","url":"https:\/\/www.portugaliarestauracao.pt\/eventos\/pt-pt\/","name":"Portug\u00e1lia Restaura\u00e7\u00e3o - Eventos","isPartOf":{"@id":"https:\/\/www.portugaliarestauracao.pt\/eventos\/#website"},"datePublished":"2019-08-30T09:27:47+00:00","dateModified":"2026-04-21T17:51:08+00:00","breadcrumb":{"@id":"https:\/\/www.portugaliarestauracao.pt\/eventos\/pt-pt\/#breadcrumb"},"inLanguage":"pt-PT","potentialAction":[{"@type":"ReadAction","target":["https:\/\/www.portugaliarestauracao.pt\/eventos\/pt-pt\/"]}]},{"@type":"BreadcrumbList","@id":"https:\/\/www.portugaliarestauracao.pt\/eventos\/pt-pt\/#breadcrumb","itemListElement":[{"@type":"ListItem","position":1,"name":"Home","item":"https:\/\/www.portugaliarestauracao.pt\/eventos\/pt-pt\/"},{"@type":"ListItem","position":2,"name":"Eventos Home &#8211; PT"}]},{"@type":"WebSite","@id":"https:\/\/www.portugaliarestauracao.pt\/eventos\/#website","url":"https:\/\/www.portugaliarestauracao.pt\/eventos\/","name":"Portug\u00e1lia Restaura\u00e7\u00e3o - Eventos","description":"Portug\u00e1lia Restaura\u00e7\u00e3o - Eventos","potentialAction":[{"@type":"SearchAction","target":{"@type":"EntryPoint","urlTemplate":"https:\/\/www.portugaliarestauracao.pt\/eventos\/?s={search_term_string}"},"query-input":{"@type":"PropertyValueSpecification","valueRequired":true,"valueName":"search_term_string"}}],"inLanguage":"pt-PT"}]}},"_links":{"self":[{"href":"https:\/\/www.portugaliarestauracao.pt\/eventos\/wp-json\/wp\/v2\/pages\/501","targetHints":{"allow":["GET"]}}],"collection":[{"href":"https:\/\/www.portugaliarestauracao.pt\/eventos\/wp-json\/wp\/v2\/pages"}],"about":[{"href":"https:\/\/www.portugaliarestauracao.pt\/eventos\/wp-json\/wp\/v2\/types\/page"}],"author":[{"embeddable":true,"href":"https:\/\/www.portugaliarestauracao.pt\/eventos\/wp-json\/wp\/v2\/users\/1"}],"replies":[{"embeddable":true,"href":"https:\/\/www.portugaliarestauracao.pt\/eventos\/wp-json\/wp\/v2\/comments?post=501"}],"version-history":[{"count":8,"href":"https:\/\/www.portugaliarestauracao.pt\/eventos\/wp-json\/wp\/v2\/pages\/501\/revisions"}],"predecessor-version":[{"id":1648,"href":"https:\/\/www.portugaliarestauracao.pt\/eventos\/wp-json\/wp\/v2\/pages\/501\/revisions\/1648"}],"wp:attachment":[{"href":"https:\/\/www.portugaliarestauracao.pt\/eventos\/wp-json\/wp\/v2\/media?parent=501"}],"curies":[{"name":"wp","href":"https:\/\/api.w.org\/{rel}","templated":true}]}}