{"id":953,"date":"2019-10-29T02:31:18","date_gmt":"2019-10-29T02:31:18","guid":{"rendered":"https:\/\/www.portugaliarestauracao.pt\/eventos\/?page_id=953"},"modified":"2026-04-21T12:47:41","modified_gmt":"2026-04-21T11:47:41","slug":"be-cascais-en","status":"publish","type":"page","link":"https:\/\/www.portugaliarestauracao.pt\/eventos\/en\/be-cascais-en\/","title":{"rendered":"Brasserie de L\u2019Entreco\u0302te &#8211; Cascais &#8211; EN"},"content":{"rendered":"<div class=\"wpb-content-wrapper\"><p>[vc_row css=&#8221;.vc_custom_1568255041292{margin-bottom: -10px !important;}&#8221;][vc_column][vc_column_text css=&#8221;.vc_custom_1727781448700{padding-top: 500px !important;background-image: url(https:\/\/www.portugaliarestauracao.pt\/eventos\/wp-content\/uploads\/2024\/10\/BE-Marina-Cascais_topo2-1.jpg?id=1594) !important;background-position: center !important;background-repeat: no-repeat !important;background-size: cover !important;}&#8221; el_class=&#8221;clMySubText&#8221;]<\/p>\n<p class=\"mySubTextP\" style=\"text-align: center;\"><span style=\"color: #ffffff;\"><span class=\"mySubTextA\">MARINA DE CASCAIS | SPACIOUS ROOM| COVERED TERRACE | BAR<br \/>\n<\/span><span class=\"mySubTextA\">ENTREC\u00d4TE WITH BRASSERIE SAUCE |EXCLUSIVE WINE LIST<\/span><\/span><\/p>\n<p>[\/vc_column_text][\/vc_column][\/vc_row][vc_row css=&#8221;.vc_custom_1568580286674{margin-right: 0px !important;margin-left: 0px !important;background-color: #006738 !important;}&#8221; el_id=&#8221;idTextSticker&#8221;][vc_column][vc_column_text css=&#8221;.vc_custom_1572425229239{padding-right: 30px !important;padding-left: 30px !important;}&#8221;]<span style=\"color: #ffffff;\">La Brasserie de L&#8217;Entrec\u00f4te in the Cascais Marina offers a spacious and welcoming dining area in a glamorous setting that allows for a most welcome escape. The covered terrace is the perfect space to hold small events and Cocktails.<\/span>[\/vc_column_text][\/vc_column][\/vc_row][vc_row css=&#8221;.vc_custom_1568580293203{margin-right: 0px !important;margin-left: 0px !important;background-color: #006738 !important;}&#8221;][vc_column width=&#8221;1\/4&#8243; el_id=&#8221;idVertDivider&#8221;][vc_column_text css=&#8221;.vc_custom_1572425256359{padding-right: 30px !important;padding-left: 30px !important;}&#8221;]<span style=\"color: #ffffff;\">\u2022 Intimate atmosphere <\/span><br \/>\n<span style=\"color: #ffffff;\">\u2022 Nautical inspiration <\/span><br \/>\n<span style=\"color: #ffffff;\">\u2022 Elegant wood and brass decor<\/span>[\/vc_column_text][\/vc_column][vc_column width=&#8221;1\/4&#8243; el_id=&#8221;idVertDivider&#8221;][vc_column_text css=&#8221;.vc_custom_1572425270871{padding-right: 30px !important;padding-left: 30px !important;}&#8221;]<span style=\"color: #ffffff;\">\u2022 Spacious and cosy dining area <\/span><br \/>\n<span style=\"color: #ffffff;\">\u2022 Covered Terrace<\/span>[\/vc_column_text][\/vc_column][vc_column width=&#8221;1\/4&#8243; el_id=&#8221;idVertDivider&#8221;][vc_column_text css=&#8221;.vc_custom_1572425286179{padding-right: 30px !important;padding-left: 30px !important;}&#8221;]<span style=\"color: #ffffff;\">\u2022 Prime location in the Cascais Marina <\/span><br \/>\n<span style=\"color: #ffffff;\">\u2022 Paid public parking<\/span>[\/vc_column_text][\/vc_column][vc_column width=&#8221;1\/4&#8243;][vc_column_text css=&#8221;.vc_custom_1572425312612{padding-right: 30px !important;padding-left: 30px !important;}&#8221;]<span style=\"color: #ffffff;\">\u2022 Total capacity: 110 seats<\/span><br \/>\n<span style=\"color: #ffffff;\">\u00a0&#8211; Dining area: 74 seats<\/span><br \/>\n<span style=\"color: #ffffff;\">\u00a0&#8211; Terrace: 36 seats<\/span>[\/vc_column_text][\/vc_column][\/vc_row][vc_row css=&#8221;.vc_custom_1666092490808{margin-right: 0px !important;margin-bottom: 50px !important;margin-left: 0px !important;background-color: #006738 !important;}&#8221; el_class=&#8221;clPaddingTop50&#8243;][vc_column width=&#8221;1\/2&#8243;][vc_column_text css=&#8221;.vc_custom_1673534753994{padding-right: 30px !important;padding-left: 30px !important;}&#8221;]<span style=\"color: #ffffff;\"><img loading=\"lazy\" decoding=\"async\" class=\"alignnone size-full wp-image-678\" src=\"https:\/\/www.portugaliarestauracao.pt\/eventos\/wp-content\/uploads\/2019\/09\/Icon-Casa-v04.png\" alt=\"\" width=\"50\" height=\"44\" \/>Marina de Cascais, CASCAIS<\/span><\/p>\n<p><span style=\"color: #ffffff;\"><img loading=\"lazy\" decoding=\"async\" class=\"alignnone size-full wp-image-685\" src=\"https:\/\/www.portugaliarestauracao.pt\/eventos\/wp-content\/uploads\/2019\/09\/Icon-Mobile-v01.png\" alt=\"\" width=\"50\" height=\"44\" \/>Sales Department: <a style=\"color: #ffffff;\" href=\"mailto:reservas@portugalia.pt\">reservas@portugalia.pt<\/a> |<br \/>\n<a style=\"color: #ffffff;\" href=\"tel:00351213511234\">+351\u00a021\u00a0351\u00a012\u00a034<\/a> <span style=\"font-size: 13px;\">(National fixed network call)<\/span><\/span><\/p>\n<p><span style=\"color: #ffffff;\"><img loading=\"lazy\" decoding=\"async\" class=\"alignnone wp-image-707 size-full\" src=\"https:\/\/www.portugaliarestauracao.pt\/eventos\/wp-content\/uploads\/2019\/09\/Icon-Mapa-v02.png\" alt=\"\" width=\"50\" height=\"44\" \/><a style=\"color: #ffffff;\" href=\"https:\/\/www.google.pt\/maps\/place\/La+Brasserie+De+L'Entrec%C3%B4te\/@38.6918514,-9.4211024,17z\/data=!3m1!4b1!4m5!3m4!1s0xd1ec46f6e0e73c9:0x643453d8f3869cb9!8m2!3d38.6918514!4d-9.4189084\" target=\"_blank\" rel=\"noopener noreferrer\">OPEN MAP<\/a><\/span>[\/vc_column_text][\/vc_column][vc_column width=&#8221;1\/2&#8243; css=&#8221;.vc_custom_1666092494218{margin-bottom: 50px !important;}&#8221;][vc_btn title=&#8221;Download Technical&#8221; style=&#8221;flat&#8221; shape=&#8221;square&#8221; color=&#8221;primary&#8221; size=&#8221;lg&#8221; i_icon_fontawesome=&#8221;fas fa-download&#8221; add_icon=&#8221;true&#8221; link=&#8221;url:%2Feventos%2Fwp-content%2Fuploads%2F2024%2F10%2FFicha-Tecnica-BE-MARINA-CASCAIS-IN.pdf|target:_blank|rel:nofollow&#8221; el_class=&#8221;links_download&#8221;][vc_btn title=&#8221;Download Photos&#8221; style=&#8221;flat&#8221; shape=&#8221;square&#8221; color=&#8221;primary&#8221; size=&#8221;lg&#8221; i_icon_fontawesome=&#8221;fas fa-download&#8221; add_icon=&#8221;true&#8221; link=&#8221;url:%2Feventos%2FDownloads%2FFotos-LaBrasserieDeLEntrecote-MarinaCascais.zip|target:_blank|rel:nofollow&#8221; el_class=&#8221;links_download&#8221;][vc_btn title=&#8221;Download Plans&#8221; style=&#8221;flat&#8221; shape=&#8221;square&#8221; color=&#8221;primary&#8221; size=&#8221;lg&#8221; i_icon_fontawesome=&#8221;fas fa-download&#8221; add_icon=&#8221;true&#8221; link=&#8221;url:%2Feventos%2FDownloadsEN%2FPlanta-LaBrasserieDeLEntrecote-MarinaCascais.pdf|target:_blank|rel:nofollow&#8221; el_class=&#8221;links_download&#8221;][vc_btn title=&#8221;Download Group Menus&#8221; style=&#8221;flat&#8221; shape=&#8221;square&#8221; color=&#8221;primary&#8221; size=&#8221;lg&#8221; i_icon_fontawesome=&#8221;fas fa-download&#8221; css=&#8221;&#8221; add_icon=&#8221;true&#8221; link=&#8221;url:%2Feventos%2Fwp-content%2Fuploads%2F2026%2F04%2FEN-MenuGrupo-2026_BE.pdf|target:_blank|rel:nofollow&#8221; el_class=&#8221;links_download&#8221;][\/vc_column][\/vc_row]<\/p>\n<\/div>","protected":false},"excerpt":{"rendered":"<p>[vc_row css=&#8221;.vc_custom_1568255041292{margin-bottom: -10px !important;}&#8221;][vc_column][vc_column_text css=&#8221;.vc_custom_1727781448700{padding-top: 500px !important;background-image: url(https:\/\/www.portugaliarestauracao.pt\/eventos\/wp-content\/uploads\/2024\/10\/BE-Marina-Cascais_topo2-1.jpg?id=1594) !important;background-position: center !important;background-repeat: no-repeat !important;background-size: cover !important;}&#8221; el_class=&#8221;clMySubText&#8221;] MARINA DE CASCAIS | SPACIOUS ROOM| COVERED TERRACE | BAR ENTREC\u00d4TE WITH BRASSERIE SAUCE |EXCLUSIVE WINE LIST [\/vc_column_text][\/vc_column][\/vc_row][vc_row css=&#8221;.vc_custom_1568580286674{margin-right: 0px !important;margin-left: 0px !important;background-color: #006738 !important;}&#8221; el_id=&#8221;idTextSticker&#8221;][vc_column][vc_column_text css=&#8221;.vc_custom_1572425229239{padding-right: 30px !important;padding-left: 30px !important;}&#8221;]La Brasserie de L&#8217;Entrec\u00f4te in the Cascais Marina offers [&hellip;]<\/p>\n","protected":false},"author":1,"featured_media":0,"parent":0,"menu_order":0,"comment_status":"closed","ping_status":"closed","template":"","meta":{"footnotes":""},"class_list":["post-953","page","type-page","status-publish","hentry"],"yoast_head":"<!-- This site is optimized with the Yoast SEO plugin v25.3.1 - https:\/\/yoast.com\/wordpress\/plugins\/seo\/ -->\n<title>BE-Cascais<\/title>\n<meta name=\"robots\" content=\"noindex, follow\" \/>\n<meta property=\"og:locale\" content=\"pt_PT\" \/>\n<meta property=\"og:type\" content=\"article\" \/>\n<meta property=\"og:title\" content=\"BE-Cascais\" \/>\n<meta property=\"og:description\" content=\"[vc_row css=&#8221;.vc_custom_1568255041292{margin-bottom: -10px !important;}&#8221;][vc_column][vc_column_text css=&#8221;.vc_custom_1727781448700{padding-top: 500px !important;background-image: url(https:\/\/www.portugaliarestauracao.pt\/eventos\/wp-content\/uploads\/2024\/10\/BE-Marina-Cascais_topo2-1.jpg?id=1594) !important;background-position: center !important;background-repeat: no-repeat !important;background-size: cover !important;}&#8221; el_class=&#8221;clMySubText&#8221;] MARINA DE CASCAIS | SPACIOUS ROOM| COVERED TERRACE | BAR ENTREC\u00d4TE WITH BRASSERIE SAUCE |EXCLUSIVE WINE LIST [\/vc_column_text][\/vc_column][\/vc_row][vc_row css=&#8221;.vc_custom_1568580286674{margin-right: 0px !important;margin-left: 0px !important;background-color: #006738 !important;}&#8221; el_id=&#8221;idTextSticker&#8221;][vc_column][vc_column_text css=&#8221;.vc_custom_1572425229239{padding-right: 30px !important;padding-left: 30px !important;}&#8221;]La Brasserie de L&#8217;Entrec\u00f4te in the Cascais Marina offers [&hellip;]\" \/>\n<meta property=\"og:url\" content=\"https:\/\/www.portugaliarestauracao.pt\/eventos\/en\/be-cascais-en\/\" \/>\n<meta property=\"og:site_name\" content=\"Portug\u00e1lia Restaura\u00e7\u00e3o - Eventos\" \/>\n<meta property=\"article:modified_time\" content=\"2026-04-21T11:47:41+00:00\" \/>\n<meta property=\"og:image\" content=\"https:\/\/www.portugaliarestauracao.pt\/eventos\/wp-content\/uploads\/2019\/09\/Icon-Casa-v04.png\" \/>\n\t<meta property=\"og:image:width\" content=\"50\" \/>\n\t<meta property=\"og:image:height\" content=\"44\" \/>\n\t<meta property=\"og:image:type\" content=\"image\/png\" \/>\n<meta name=\"twitter:card\" content=\"summary_large_image\" \/>\n<meta name=\"twitter:label1\" content=\"Tempo estimado de leitura\" \/>\n\t<meta name=\"twitter:data1\" content=\"3 minutos\" \/>\n<script type=\"application\/ld+json\" class=\"yoast-schema-graph\">{\"@context\":\"https:\/\/schema.org\",\"@graph\":[{\"@type\":\"WebPage\",\"@id\":\"https:\/\/www.portugaliarestauracao.pt\/eventos\/en\/be-cascais-en\/\",\"url\":\"https:\/\/www.portugaliarestauracao.pt\/eventos\/en\/be-cascais-en\/\",\"name\":\"BE-Cascais\",\"isPartOf\":{\"@id\":\"https:\/\/www.portugaliarestauracao.pt\/eventos\/#website\"},\"primaryImageOfPage\":{\"@id\":\"https:\/\/www.portugaliarestauracao.pt\/eventos\/en\/be-cascais-en\/#primaryimage\"},\"image\":{\"@id\":\"https:\/\/www.portugaliarestauracao.pt\/eventos\/en\/be-cascais-en\/#primaryimage\"},\"thumbnailUrl\":\"https:\/\/www.portugaliarestauracao.pt\/eventos\/wp-content\/uploads\/2019\/09\/Icon-Casa-v04.png\",\"datePublished\":\"2019-10-29T02:31:18+00:00\",\"dateModified\":\"2026-04-21T11:47:41+00:00\",\"breadcrumb\":{\"@id\":\"https:\/\/www.portugaliarestauracao.pt\/eventos\/en\/be-cascais-en\/#breadcrumb\"},\"inLanguage\":\"pt-PT\",\"potentialAction\":[{\"@type\":\"ReadAction\",\"target\":[\"https:\/\/www.portugaliarestauracao.pt\/eventos\/en\/be-cascais-en\/\"]}]},{\"@type\":\"ImageObject\",\"inLanguage\":\"pt-PT\",\"@id\":\"https:\/\/www.portugaliarestauracao.pt\/eventos\/en\/be-cascais-en\/#primaryimage\",\"url\":\"https:\/\/www.portugaliarestauracao.pt\/eventos\/wp-content\/uploads\/2019\/09\/Icon-Casa-v04.png\",\"contentUrl\":\"https:\/\/www.portugaliarestauracao.pt\/eventos\/wp-content\/uploads\/2019\/09\/Icon-Casa-v04.png\",\"width\":50,\"height\":44},{\"@type\":\"BreadcrumbList\",\"@id\":\"https:\/\/www.portugaliarestauracao.pt\/eventos\/en\/be-cascais-en\/#breadcrumb\",\"itemListElement\":[{\"@type\":\"ListItem\",\"position\":1,\"name\":\"Home\",\"item\":\"https:\/\/www.portugaliarestauracao.pt\/eventos\/pt-pt\/\"},{\"@type\":\"ListItem\",\"position\":2,\"name\":\"Brasserie de L\u2019Entreco\u0302te &#8211; Cascais &#8211; EN\"}]},{\"@type\":\"WebSite\",\"@id\":\"https:\/\/www.portugaliarestauracao.pt\/eventos\/#website\",\"url\":\"https:\/\/www.portugaliarestauracao.pt\/eventos\/\",\"name\":\"Portug\u00e1lia Restaura\u00e7\u00e3o - Eventos\",\"description\":\"Portug\u00e1lia Restaura\u00e7\u00e3o - Eventos\",\"potentialAction\":[{\"@type\":\"SearchAction\",\"target\":{\"@type\":\"EntryPoint\",\"urlTemplate\":\"https:\/\/www.portugaliarestauracao.pt\/eventos\/?s={search_term_string}\"},\"query-input\":{\"@type\":\"PropertyValueSpecification\",\"valueRequired\":true,\"valueName\":\"search_term_string\"}}],\"inLanguage\":\"pt-PT\"}]}<\/script>\n<!-- \/ Yoast SEO plugin. -->","yoast_head_json":{"title":"BE-Cascais","robots":{"index":"noindex","follow":"follow"},"og_locale":"pt_PT","og_type":"article","og_title":"BE-Cascais","og_description":"[vc_row css=&#8221;.vc_custom_1568255041292{margin-bottom: -10px !important;}&#8221;][vc_column][vc_column_text css=&#8221;.vc_custom_1727781448700{padding-top: 500px !important;background-image: url(https:\/\/www.portugaliarestauracao.pt\/eventos\/wp-content\/uploads\/2024\/10\/BE-Marina-Cascais_topo2-1.jpg?id=1594) !important;background-position: center !important;background-repeat: no-repeat !important;background-size: cover !important;}&#8221; el_class=&#8221;clMySubText&#8221;] MARINA DE CASCAIS | SPACIOUS ROOM| COVERED TERRACE | BAR ENTREC\u00d4TE WITH BRASSERIE SAUCE |EXCLUSIVE WINE LIST [\/vc_column_text][\/vc_column][\/vc_row][vc_row css=&#8221;.vc_custom_1568580286674{margin-right: 0px !important;margin-left: 0px !important;background-color: #006738 !important;}&#8221; el_id=&#8221;idTextSticker&#8221;][vc_column][vc_column_text css=&#8221;.vc_custom_1572425229239{padding-right: 30px !important;padding-left: 30px !important;}&#8221;]La Brasserie de L&#8217;Entrec\u00f4te in the Cascais Marina offers [&hellip;]","og_url":"https:\/\/www.portugaliarestauracao.pt\/eventos\/en\/be-cascais-en\/","og_site_name":"Portug\u00e1lia Restaura\u00e7\u00e3o - Eventos","article_modified_time":"2026-04-21T11:47:41+00:00","og_image":[{"width":50,"height":44,"url":"https:\/\/www.portugaliarestauracao.pt\/eventos\/wp-content\/uploads\/2019\/09\/Icon-Casa-v04.png","type":"image\/png"}],"twitter_card":"summary_large_image","twitter_misc":{"Tempo estimado de leitura":"3 minutos"},"schema":{"@context":"https:\/\/schema.org","@graph":[{"@type":"WebPage","@id":"https:\/\/www.portugaliarestauracao.pt\/eventos\/en\/be-cascais-en\/","url":"https:\/\/www.portugaliarestauracao.pt\/eventos\/en\/be-cascais-en\/","name":"BE-Cascais","isPartOf":{"@id":"https:\/\/www.portugaliarestauracao.pt\/eventos\/#website"},"primaryImageOfPage":{"@id":"https:\/\/www.portugaliarestauracao.pt\/eventos\/en\/be-cascais-en\/#primaryimage"},"image":{"@id":"https:\/\/www.portugaliarestauracao.pt\/eventos\/en\/be-cascais-en\/#primaryimage"},"thumbnailUrl":"https:\/\/www.portugaliarestauracao.pt\/eventos\/wp-content\/uploads\/2019\/09\/Icon-Casa-v04.png","datePublished":"2019-10-29T02:31:18+00:00","dateModified":"2026-04-21T11:47:41+00:00","breadcrumb":{"@id":"https:\/\/www.portugaliarestauracao.pt\/eventos\/en\/be-cascais-en\/#breadcrumb"},"inLanguage":"pt-PT","potentialAction":[{"@type":"ReadAction","target":["https:\/\/www.portugaliarestauracao.pt\/eventos\/en\/be-cascais-en\/"]}]},{"@type":"ImageObject","inLanguage":"pt-PT","@id":"https:\/\/www.portugaliarestauracao.pt\/eventos\/en\/be-cascais-en\/#primaryimage","url":"https:\/\/www.portugaliarestauracao.pt\/eventos\/wp-content\/uploads\/2019\/09\/Icon-Casa-v04.png","contentUrl":"https:\/\/www.portugaliarestauracao.pt\/eventos\/wp-content\/uploads\/2019\/09\/Icon-Casa-v04.png","width":50,"height":44},{"@type":"BreadcrumbList","@id":"https:\/\/www.portugaliarestauracao.pt\/eventos\/en\/be-cascais-en\/#breadcrumb","itemListElement":[{"@type":"ListItem","position":1,"name":"Home","item":"https:\/\/www.portugaliarestauracao.pt\/eventos\/pt-pt\/"},{"@type":"ListItem","position":2,"name":"Brasserie de L\u2019Entreco\u0302te &#8211; Cascais &#8211; EN"}]},{"@type":"WebSite","@id":"https:\/\/www.portugaliarestauracao.pt\/eventos\/#website","url":"https:\/\/www.portugaliarestauracao.pt\/eventos\/","name":"Portug\u00e1lia Restaura\u00e7\u00e3o - Eventos","description":"Portug\u00e1lia Restaura\u00e7\u00e3o - Eventos","potentialAction":[{"@type":"SearchAction","target":{"@type":"EntryPoint","urlTemplate":"https:\/\/www.portugaliarestauracao.pt\/eventos\/?s={search_term_string}"},"query-input":{"@type":"PropertyValueSpecification","valueRequired":true,"valueName":"search_term_string"}}],"inLanguage":"pt-PT"}]}},"_links":{"self":[{"href":"https:\/\/www.portugaliarestauracao.pt\/eventos\/wp-json\/wp\/v2\/pages\/953","targetHints":{"allow":["GET"]}}],"collection":[{"href":"https:\/\/www.portugaliarestauracao.pt\/eventos\/wp-json\/wp\/v2\/pages"}],"about":[{"href":"https:\/\/www.portugaliarestauracao.pt\/eventos\/wp-json\/wp\/v2\/types\/page"}],"author":[{"embeddable":true,"href":"https:\/\/www.portugaliarestauracao.pt\/eventos\/wp-json\/wp\/v2\/users\/1"}],"replies":[{"embeddable":true,"href":"https:\/\/www.portugaliarestauracao.pt\/eventos\/wp-json\/wp\/v2\/comments?post=953"}],"version-history":[{"count":9,"href":"https:\/\/www.portugaliarestauracao.pt\/eventos\/wp-json\/wp\/v2\/pages\/953\/revisions"}],"predecessor-version":[{"id":1629,"href":"https:\/\/www.portugaliarestauracao.pt\/eventos\/wp-json\/wp\/v2\/pages\/953\/revisions\/1629"}],"wp:attachment":[{"href":"https:\/\/www.portugaliarestauracao.pt\/eventos\/wp-json\/wp\/v2\/media?parent=953"}],"curies":[{"name":"wp","href":"https:\/\/api.w.org\/{rel}","templated":true}]}}